{"id":992,"date":"2024-10-24T20:33:12","date_gmt":"2024-10-24T20:33:12","guid":{"rendered":"https:\/\/aquasaf.com\/?post_type=product&#038;p=992"},"modified":"2025-10-20T15:32:21","modified_gmt":"2025-10-20T15:32:21","slug":"valvula-de-suavizacion-61202f64b","status":"publish","type":"product","link":"https:\/\/aquasaf.com\/index.php\/producto\/valvula-de-suavizacion-61202f64b\/","title":{"rendered":"Valvula de suavizaci\u00f3n 61202(F64B)"},"content":{"rendered":"<h1><span>Caracter\u00edsticas del producto<\/span><\/h1>\n<ul class=\" list-paddingleft-2\">\n<li><span>Estructura sencilla y sellado fiable.<\/span>\n<p><span>Adopta cabezales herm\u00e9ticos con cer\u00e1mica de alto grado y resistencia a la corrosi\u00f3n para apertura y cierre. Combina con servicio, retrolavado, salmuera y enjuague lento, recarga de salmuera y enjuague r\u00e1pido.<\/span><\/li>\n<li><span>No pasa agua por la v\u00e1lvula del tipo de tanque \u00fanico en la regeneraci\u00f3n.<\/span><\/li>\n<li><span>Diversos m\u00e9todos de instalaci\u00f3n<\/span>\n<p><span>La v\u00e1lvula se puede montar en la parte superior o en el lateral (debe usarse con el conector de montaje lateral).<\/span><\/li>\n<li><span>Alternativas de mango: Metal y pl\u00e1stico<\/span><\/li>\n<\/ul>\n","protected":false},"excerpt":{"rendered":"<table>\n<tbody>\n<tr class=\"firstRow\">\n<td valign=\"top\" width=\"168\"><span>Modelo<\/span><\/td>\n<td valign=\"top\" width=\"208\"><span>61202(F64B)<\/span><\/td>\n<\/tr>\n<tr>\n<td valign=\"top\" width=\"168\"><span>Material del mango<\/span><\/td>\n<td valign=\"top\" width=\"208\"><span>Mango de rueda de pl\u00e1stico<\/span><\/td>\n<\/tr>\n<tr>\n<td valign=\"top\" width=\"168\"><span>Instalaci\u00f3n<\/span><\/td>\n<td valign=\"top\" width=\"208\"><span>Montado en la parte superior<\/span><\/td>\n<\/tr>\n<tr>\n<td valign=\"top\" width=\"168\"><span>Entrada\/salida<\/span><\/td>\n<td valign=\"top\" width=\"208\"><span>3\/4&#8243; H<\/span><\/td>\n<\/tr>\n<tr>\n<td valign=\"top\" width=\"168\"><span>Drenar<\/span><\/td>\n<td valign=\"top\" width=\"208\"><span>1\/2&#8243; macho<\/span><\/td>\n<\/tr>\n<tr>\n<td valign=\"top\" width=\"168\"><span>Conector de l\u00ednea de salmuera<\/span><\/td>\n<td valign=\"top\" width=\"208\"><span>3\/8&#8243; macho<\/span><\/td>\n<\/tr>\n<tr>\n<td valign=\"top\" width=\"168\"><span>Base<\/span><\/td>\n<td valign=\"top\" width=\"208\"><span>2,5&#8243;\u00a0<\/span><span>\u2014\u00a0<\/span><span>8NPSM<\/span><\/td>\n<\/tr>\n<tr>\n<td valign=\"top\" width=\"168\"><span>Tubo ascendente<\/span><\/td>\n<td valign=\"top\" width=\"208\"><span>1,05&#8243; de di\u00e1metro exterior<\/span><\/td>\n<\/tr>\n<tr>\n<td valign=\"top\" width=\"168\"><span>Capacidad de tratamiento de agua<\/span><\/td>\n<td valign=\"top\" width=\"208\"><span>2 m\u00b3\u00a0<\/span><span>\/\u00a0<\/span><span>h<\/span><\/td>\n<\/tr>\n<tr>\n<td valign=\"top\" width=\"168\"><span>Rango de di\u00e1metro del tanque<\/span><\/td>\n<td valign=\"top\" width=\"208\"><span>6&#8243; ~ 12&#8243;<\/span><\/td>\n<\/tr>\n<tr>\n<td width=\"168\"><span>Presi\u00f3n del agua<\/span><\/td>\n<td width=\"208\"><span>0,15 MPa\u00a0<\/span><span>\uff5e<\/span><span>0,6 MPa<\/span><\/td>\n<\/tr>\n<tr>\n<td width=\"168\"><span>Temperatura del agua<\/span><\/td>\n<td width=\"208\"><span>5\u00a0<\/span><span>\u2103\u00a0<\/span><span>\uff5e<\/span><span>50\u00a0<\/span><span>\u2103<\/span><\/td>\n<\/tr>\n<tr>\n<td width=\"168\"><span>Turbidez del agua<\/span><\/td>\n<td width=\"208\"><span>Regeneraci\u00f3n de flujo descendente\u00a0<\/span><span>\uff1c<\/span><span>5FTU<\/span><\/td>\n<\/tr>\n<tr>\n<td width=\"168\"><span>Solicitud<\/span><\/td>\n<td width=\"208\"><span>Sistema de ablandamiento residencial<\/span><\/p>\n<p><span>Sistema de intercambio i\u00f3nico<\/span><\/p>\n<p><span>Sistema de ablandamiento de agua de caldera<\/span><\/p>\n<p><span>Sistema de ablandamiento por pretratamiento de \u00f3smosis inversa<\/span><\/td>\n<\/tr>\n<\/tbody>\n<\/table>\n","protected":false},"featured_media":993,"comment_status":"open","ping_status":"closed","template":"","meta":{"om_disable_all_campaigns":false,"_monsterinsights_skip_tracking":false,"_monsterinsights_sitenote_active":false,"_monsterinsights_sitenote_note":"","_monsterinsights_sitenote_category":0,"site-sidebar-layout":"default","site-content-layout":"default","ast-main-header-display":"","ast-hfb-above-header-display":"","ast-hfb-below-header-display":"","ast-hfb-mobile-header-display":"","site-post-title":"","ast-breadcrumbs-content":"","ast-featured-img":"","footer-sml-layout":"","theme-transparent-header-meta":"default","adv-header-id-meta":"","stick-header-meta":"","header-above-stick-meta":"","header-main-stick-meta":"","header-below-stick-meta":""},"product_brand":[],"product_cat":[32],"product_tag":[],"class_list":{"0":"post-992","1":"product","2":"type-product","3":"status-publish","4":"has-post-thumbnail","6":"product_cat-valvulas-de-suavizacion","8":"first","9":"instock","10":"shipping-taxable","11":"purchasable","12":"product-type-simple"},"aioseo_notices":[],"jetpack_sharing_enabled":true,"_links":{"self":[{"href":"https:\/\/aquasaf.com\/index.php\/wp-json\/wp\/v2\/product\/992","targetHints":{"allow":["GET"]}}],"collection":[{"href":"https:\/\/aquasaf.com\/index.php\/wp-json\/wp\/v2\/product"}],"about":[{"href":"https:\/\/aquasaf.com\/index.php\/wp-json\/wp\/v2\/types\/product"}],"replies":[{"embeddable":true,"href":"https:\/\/aquasaf.com\/index.php\/wp-json\/wp\/v2\/comments?post=992"}],"wp:featuredmedia":[{"embeddable":true,"href":"https:\/\/aquasaf.com\/index.php\/wp-json\/wp\/v2\/media\/993"}],"wp:attachment":[{"href":"https:\/\/aquasaf.com\/index.php\/wp-json\/wp\/v2\/media?parent=992"}],"wp:term":[{"taxonomy":"product_brand","embeddable":true,"href":"https:\/\/aquasaf.com\/index.php\/wp-json\/wp\/v2\/product_brand?post=992"},{"taxonomy":"product_cat","embeddable":true,"href":"https:\/\/aquasaf.com\/index.php\/wp-json\/wp\/v2\/product_cat?post=992"},{"taxonomy":"product_tag","embeddable":true,"href":"https:\/\/aquasaf.com\/index.php\/wp-json\/wp\/v2\/product_tag?post=992"}],"curies":[{"name":"wp","href":"https:\/\/api.w.org\/{rel}","templated":true}]}}