{"id":924,"date":"2024-10-17T20:53:56","date_gmt":"2024-10-17T20:53:56","guid":{"rendered":"https:\/\/aquasaf.com\/?post_type=product&#038;p=924"},"modified":"2025-10-20T15:32:51","modified_gmt":"2025-10-20T15:32:51","slug":"filtro-conector-rapido-h-carbon-coco-h","status":"publish","type":"product","link":"https:\/\/aquasaf.com\/index.php\/producto\/filtro-conector-rapido-h-carbon-coco-h\/","title":{"rendered":"FILTRO CONECTOR RAPIDO (H) CARBON COCO (H)"},"content":{"rendered":"<table width=\"477\">\n<tbody>\n<tr>\n<td colspan=\"4\" rowspan=\"5\" width=\"477\">Los filtros de conexi\u00f3n r\u00e1pida facilitan la instalaci\u00f3n y mantenimiento de los equipos de filtraci\u00f3n debido a la f\u00e1cil conexi\u00f3n. De igual manera cuentan con diversidad de materiales filtrantes adaptables a\u00a0 los requerimientos del tipo de agua a filtrar. Conexi\u00f3n de 1\/4\u2033.<\/td>\n<\/tr>\n<\/tbody>\n<\/table>\n","protected":false},"excerpt":{"rendered":"<p><strong>ESPECIFICACIONES:<\/strong><\/p>\n<table width=\"455\">\n<tbody>\n<tr>\n<td colspan=\"2\" width=\"176\">C\u00d3DIGO<\/td>\n<td colspan=\"3\" width=\"279\">A7CON7<\/td>\n<\/tr>\n<tr>\n<td colspan=\"2\" width=\"176\">MATERIAL FILTRANTE<\/td>\n<td colspan=\"3\" width=\"279\">MICROFIBRAS DE POLIPROPILENO<\/td>\n<\/tr>\n<tr>\n<td colspan=\"2\" width=\"176\">FLUJO DE OPERACI\u00d3N<\/td>\n<td colspan=\"3\" width=\"279\">0,75 GPM<\/td>\n<\/tr>\n<tr>\n<td colspan=\"2\" width=\"176\">VIDA \u00daTIL<\/td>\n<td colspan=\"3\" width=\"279\">2000 GALONES<\/td>\n<\/tr>\n<tr>\n<td colspan=\"2\" rowspan=\"2\" width=\"176\">RANGO DE TEMPERATURA<\/td>\n<td colspan=\"3\" rowspan=\"2\" width=\"279\">0,6-36\u00baC<\/td>\n<\/tr>\n<tr>\n<td colspan=\"2\" width=\"176\">RANGO DE PRESI\u00d3N<\/td>\n<td colspan=\"3\" width=\"279\">30-125 PSI<\/td>\n<\/tr>\n<\/tbody>\n<\/table>\n","protected":false},"featured_media":925,"comment_status":"open","ping_status":"closed","template":"","meta":{"om_disable_all_campaigns":false,"_monsterinsights_skip_tracking":false,"_monsterinsights_sitenote_active":false,"_monsterinsights_sitenote_note":"","_monsterinsights_sitenote_category":0,"site-sidebar-layout":"default","site-content-layout":"default","ast-main-header-display":"","ast-hfb-above-header-display":"","ast-hfb-below-header-display":"","ast-hfb-mobile-header-display":"","site-post-title":"","ast-breadcrumbs-content":"","ast-featured-img":"","footer-sml-layout":"","theme-transparent-header-meta":"default","adv-header-id-meta":"","stick-header-meta":"","header-above-stick-meta":"","header-main-stick-meta":"","header-below-stick-meta":""},"product_brand":[],"product_cat":[29],"product_tag":[],"class_list":{"0":"post-924","1":"product","2":"type-product","3":"status-publish","4":"has-post-thumbnail","6":"product_cat-filtros","8":"first","9":"instock","10":"shipping-taxable","11":"purchasable","12":"product-type-simple"},"aioseo_notices":[],"jetpack_sharing_enabled":true,"_links":{"self":[{"href":"https:\/\/aquasaf.com\/index.php\/wp-json\/wp\/v2\/product\/924","targetHints":{"allow":["GET"]}}],"collection":[{"href":"https:\/\/aquasaf.com\/index.php\/wp-json\/wp\/v2\/product"}],"about":[{"href":"https:\/\/aquasaf.com\/index.php\/wp-json\/wp\/v2\/types\/product"}],"replies":[{"embeddable":true,"href":"https:\/\/aquasaf.com\/index.php\/wp-json\/wp\/v2\/comments?post=924"}],"wp:featuredmedia":[{"embeddable":true,"href":"https:\/\/aquasaf.com\/index.php\/wp-json\/wp\/v2\/media\/925"}],"wp:attachment":[{"href":"https:\/\/aquasaf.com\/index.php\/wp-json\/wp\/v2\/media?parent=924"}],"wp:term":[{"taxonomy":"product_brand","embeddable":true,"href":"https:\/\/aquasaf.com\/index.php\/wp-json\/wp\/v2\/product_brand?post=924"},{"taxonomy":"product_cat","embeddable":true,"href":"https:\/\/aquasaf.com\/index.php\/wp-json\/wp\/v2\/product_cat?post=924"},{"taxonomy":"product_tag","embeddable":true,"href":"https:\/\/aquasaf.com\/index.php\/wp-json\/wp\/v2\/product_tag?post=924"}],"curies":[{"name":"wp","href":"https:\/\/api.w.org\/{rel}","templated":true}]}}