{"id":1341,"date":"2025-01-09T20:02:49","date_gmt":"2025-01-09T20:02:49","guid":{"rendered":"https:\/\/aquasaf.com\/?post_type=product&#038;p=1341"},"modified":"2025-10-20T15:07:16","modified_gmt":"2025-10-20T15:07:16","slug":"ultraqua","status":"publish","type":"product","link":"https:\/\/aquasaf.com\/index.php\/producto\/ultraqua\/","title":{"rendered":"ULTRAQUA"},"content":{"rendered":"<p>CARACTERISTICAS:<br \/>\n\uf0b7 ULTRAQUA. Es un coagulante inteligente de forma s\u00f3lida, de aspecto caracter\u00edstico, miscible con<br \/>\nagua, formulado en base a sales de Hierro y Aluminio, su color puede variar de amarillo a marr\u00f3n.<br \/>\n\uf0b7 ULTRAQUA. Durante el proceso de coagulaci\u00f3n presenta un doble mecanismo de acci\u00f3n; por un<br \/>\nlado act\u00faa conforme al mecanismo cl\u00e1sico de los \u00abcoagulantes minerales\u00bb y por otro lado act\u00faa<br \/>\ninteligentemente en forma semejante a los \u00abpolielectrolitos org\u00e1nicos\u00bb produciendo de esta forma una<br \/>\ninteracci\u00f3n mutua entre los pol\u00edmeros de aluminio y los coloides.<br \/>\n\uf0b7 ULTRAQUA. Logra mayores velocidades de decantaci\u00f3n de los fl\u00f3culos, lo que permite aumentar la<br \/>\ncapacidad de decantaci\u00f3n de los sistemas ya instalados o en su caso reducir el costo de las<br \/>\ninstalaciones nuevas para una misma capacidad de floculaci\u00f3n.<br \/>\n\uf0b7 ULTRAQUA. Menor abatimiento del pH comparado con los sulfatos de aluminio tradicionales, lo cual<br \/>\ndisminuye el consumo de alcalinizante corrector del pH.<br \/>\n\uf0b7 ULTRAQUA Posee una buena capacidad floculante, con formaciones de tama\u00f1o considerable y<br \/>\nuniforme que decantan con mayor rapidez, dejando una turbiedad residual m\u00e1s baja que los tratamientos<br \/>\ncon productos con rangos similares de al\u00famina. Por lo tanto, evita el exceso o incremento del aluminio<br \/>\nresidual en el agua tratada.<br \/>\n\uf0b7 ULTRAQUA. Est\u00e1 formulado para aguas con presencia de alto color org\u00e1nico, obteni\u00e9ndose mayores<br \/>\nremociones tanto de color como de turbiedad.<br \/>\n\uf0b7 ULTRAQUA Puede ser empleado en un amplio rango de pH.<br \/>\nAPLICACIONES:<br \/>\nPor su tecnolog\u00eda avanzada ULTRAQUA puede ser empleado en todo tipo de aguas donde sea<br \/>\nnecesaria una floculaci\u00f3n r\u00e1pida y eficaz, como:<br \/>\n1. Aguas de piscinas: por sus excelentes cualidades en la floculaci\u00f3n directa y r\u00e1pida, con formaci\u00f3n de<br \/>\nfl\u00f3culos grandes f\u00e1ciles de eliminar por los limpiafondos.<br \/>\n2. Tratamiento de aguas superficiales: Para la obtenci\u00f3n de agua potable o de uso industrial.<br \/>\n3. Tratamiento de aguas residuales industriales: Procedentes de industrias sider\u00fargicas, papeleras,<br \/>\npetroleras, alimentos, grasas y aceites, etc. para hacer posible su posterior reciclaje o reuso.<\/p>\n","protected":false},"excerpt":{"rendered":"<div class=\"elementor-element elementor-element-2c227a36 elementor-widget__width-initial elementor-widget-tablet__width-inherit elementor-widget elementor-widget-woocommerce-product-short-description\" data-id=\"2c227a36\" data-element_type=\"widget\" data-widget_type=\"woocommerce-product-short-description.default\">\n<div class=\"elementor-widget-container\">\n<div class=\"woocommerce-product-details__short-description\">\n<p>Coagulante para todo tipo de aguas, preferiblemente para alcalinidades altas.<\/p>\n<\/div>\n<\/div>\n<\/div>\n<section class=\"elementor-section elementor-inner-section elementor-element elementor-element-2db494d4 elementor-section-boxed elementor-section-height-default elementor-section-height-default\" data-id=\"2db494d4\" data-element_type=\"section\">\n<div class=\"elementor-container elementor-column-gap-default\">\n<div class=\"elementor-column elementor-col-100 elementor-inner-column elementor-element elementor-element-71289dad\" data-id=\"71289dad\" data-element_type=\"column\">\n<div class=\"elementor-widget-wrap elementor-element-populated\">\n<div class=\"elementor-element elementor-element-40260eb9 elementor-woo-meta--view-table elementor-widget__width-initial elementor-widget-tablet__width-inherit elementor-widget elementor-widget-woocommerce-product-meta\" data-id=\"40260eb9\" data-element_type=\"widget\" data-widget_type=\"woocommerce-product-meta.default\">\n<div class=\"elementor-widget-container\">\n<div class=\"product_meta\"><\/div>\n<\/div>\n<\/div>\n<\/div>\n<\/div>\n<\/div>\n<\/section>\n","protected":false},"featured_media":1335,"comment_status":"open","ping_status":"closed","template":"","meta":{"om_disable_all_campaigns":false,"_monsterinsights_skip_tracking":false,"_monsterinsights_sitenote_active":false,"_monsterinsights_sitenote_note":"","_monsterinsights_sitenote_category":0,"site-sidebar-layout":"default","site-content-layout":"default","ast-main-header-display":"","ast-hfb-above-header-display":"","ast-hfb-below-header-display":"","ast-hfb-mobile-header-display":"","site-post-title":"","ast-breadcrumbs-content":"","ast-featured-img":"","footer-sml-layout":"","theme-transparent-header-meta":"default","adv-header-id-meta":"","stick-header-meta":"","header-above-stick-meta":"","header-main-stick-meta":"","header-below-stick-meta":""},"product_brand":[],"product_cat":[33],"product_tag":[],"class_list":{"0":"post-1341","1":"product","2":"type-product","3":"status-publish","4":"has-post-thumbnail","6":"product_cat-quimicos","8":"first","9":"instock","10":"shipping-taxable","11":"product-type-simple"},"aioseo_notices":[],"jetpack_sharing_enabled":true,"_links":{"self":[{"href":"https:\/\/aquasaf.com\/index.php\/wp-json\/wp\/v2\/product\/1341","targetHints":{"allow":["GET"]}}],"collection":[{"href":"https:\/\/aquasaf.com\/index.php\/wp-json\/wp\/v2\/product"}],"about":[{"href":"https:\/\/aquasaf.com\/index.php\/wp-json\/wp\/v2\/types\/product"}],"replies":[{"embeddable":true,"href":"https:\/\/aquasaf.com\/index.php\/wp-json\/wp\/v2\/comments?post=1341"}],"wp:featuredmedia":[{"embeddable":true,"href":"https:\/\/aquasaf.com\/index.php\/wp-json\/wp\/v2\/media\/1335"}],"wp:attachment":[{"href":"https:\/\/aquasaf.com\/index.php\/wp-json\/wp\/v2\/media?parent=1341"}],"wp:term":[{"taxonomy":"product_brand","embeddable":true,"href":"https:\/\/aquasaf.com\/index.php\/wp-json\/wp\/v2\/product_brand?post=1341"},{"taxonomy":"product_cat","embeddable":true,"href":"https:\/\/aquasaf.com\/index.php\/wp-json\/wp\/v2\/product_cat?post=1341"},{"taxonomy":"product_tag","embeddable":true,"href":"https:\/\/aquasaf.com\/index.php\/wp-json\/wp\/v2\/product_tag?post=1341"}],"curies":[{"name":"wp","href":"https:\/\/api.w.org\/{rel}","templated":true}]}}