{"id":1339,"date":"2025-01-09T19:59:40","date_gmt":"2025-01-09T19:59:40","guid":{"rendered":"https:\/\/aquasaf.com\/?post_type=product&#038;p=1339"},"modified":"2025-10-20T15:07:16","modified_gmt":"2025-10-20T15:07:16","slug":"sulfato-de-aluminio-tipo-b-liquido","status":"publish","type":"product","link":"https:\/\/aquasaf.com\/index.php\/producto\/sulfato-de-aluminio-tipo-b-liquido\/","title":{"rendered":"Sulfato de Aluminio Tipo B L\u00edquido"},"content":{"rendered":"<p>Producto obtenido generalmente por la reacci\u00f3n entre el \u00c1cido Sulf\u00farico y una<br \/>\nmateria prima rica en Aluminio como la Bauxita.<br \/>\nESPECIFICACIONES:<\/p>\n<p>Al2O3 m\u00ednimo 7.3 %<br \/>\nHierro como Fe2O3 m\u00e1ximo 1.2 %<br \/>\nMateria insoluble m\u00e1ximo 0.1 %<br \/>\nDensidad 1.31 &#8211; 1.34 g\/ml<br \/>\nBasicidad m\u00ednimo 0.5 %<br \/>\nPRESENTACI\u00d3N: El sulfato de aluminio se despacha en isotanques, tambores<br \/>\npl\u00e1sticos, garrafas y a granel<br \/>\nUSOS DEL PRODUCTO: Es un coagulante que tiene como fin principal el<br \/>\ntratamiento de aguas para consumo humano y residual, removiendo agentes<br \/>\ncontaminantes como turbiedad y color. En aguas superficiales se destaca en<br \/>\nclarificaci\u00f3n para turbiedades bajas (hasta 400 NTU aproximadamente).<br \/>\nCONDICIONES DE ALMACENAMIENTO: Se debe almacenar en tanques de fibra<br \/>\nde vidrio, polietileno, polipropileno, en garrafas, tambores y contenedores<br \/>\npl\u00e1sticos.<br \/>\nPRECAUCIONES PARA EL USO Y SEGURIDAD: Para su manipulaci\u00f3n se<br \/>\nrequiere de equipo de protecci\u00f3n., gafas protectoras, guantes de Neopreno o<br \/>\npl\u00e1sticos. No es un producto t\u00f3xico, pero puede producir leve irritaci\u00f3n en la piel y<br \/>\nojos por tratarse de un producto de car\u00e1cter \u00e1cido.<\/p>\n","protected":false},"excerpt":{"rendered":"<div class=\"elementor-element elementor-element-2c227a36 elementor-widget__width-initial elementor-widget-tablet__width-inherit elementor-widget elementor-widget-woocommerce-product-short-description\" data-id=\"2c227a36\" data-element_type=\"widget\" data-widget_type=\"woocommerce-product-short-description.default\">\n<div class=\"elementor-widget-container\">\n<div class=\"woocommerce-product-details__short-description\">\n<p>Coagulante para todo tipo de aguas, preferiblemente para alcalinidades altas, eficaz hasta turbiedades de 200 NTU.<\/p>\n<\/div>\n<\/div>\n<\/div>\n<section class=\"elementor-section elementor-inner-section elementor-element elementor-element-2db494d4 elementor-section-boxed elementor-section-height-default elementor-section-height-default\" data-id=\"2db494d4\" data-element_type=\"section\">\n<div class=\"elementor-container elementor-column-gap-default\">\n<div class=\"elementor-column elementor-col-100 elementor-inner-column elementor-element elementor-element-71289dad\" data-id=\"71289dad\" data-element_type=\"column\">\n<div class=\"elementor-widget-wrap elementor-element-populated\">\n<div class=\"elementor-element elementor-element-40260eb9 elementor-woo-meta--view-table elementor-widget__width-initial elementor-widget-tablet__width-inherit elementor-widget elementor-widget-woocommerce-product-meta\" data-id=\"40260eb9\" data-element_type=\"widget\" data-widget_type=\"woocommerce-product-meta.default\">\n<div class=\"elementor-widget-container\">\n<div class=\"product_meta\"><\/div>\n<\/div>\n<\/div>\n<\/div>\n<\/div>\n<\/div>\n<\/section>\n","protected":false},"featured_media":1316,"comment_status":"open","ping_status":"closed","template":"","meta":{"om_disable_all_campaigns":false,"_monsterinsights_skip_tracking":false,"_monsterinsights_sitenote_active":false,"_monsterinsights_sitenote_note":"","_monsterinsights_sitenote_category":0,"site-sidebar-layout":"default","site-content-layout":"default","ast-main-header-display":"","ast-hfb-above-header-display":"","ast-hfb-below-header-display":"","ast-hfb-mobile-header-display":"","site-post-title":"","ast-breadcrumbs-content":"","ast-featured-img":"","footer-sml-layout":"","theme-transparent-header-meta":"default","adv-header-id-meta":"","stick-header-meta":"","header-above-stick-meta":"","header-main-stick-meta":"","header-below-stick-meta":""},"product_brand":[],"product_cat":[33],"product_tag":[],"class_list":{"0":"post-1339","1":"product","2":"type-product","3":"status-publish","4":"has-post-thumbnail","6":"product_cat-quimicos","8":"first","9":"instock","10":"shipping-taxable","11":"product-type-simple"},"aioseo_notices":[],"jetpack_sharing_enabled":true,"_links":{"self":[{"href":"https:\/\/aquasaf.com\/index.php\/wp-json\/wp\/v2\/product\/1339","targetHints":{"allow":["GET"]}}],"collection":[{"href":"https:\/\/aquasaf.com\/index.php\/wp-json\/wp\/v2\/product"}],"about":[{"href":"https:\/\/aquasaf.com\/index.php\/wp-json\/wp\/v2\/types\/product"}],"replies":[{"embeddable":true,"href":"https:\/\/aquasaf.com\/index.php\/wp-json\/wp\/v2\/comments?post=1339"}],"wp:featuredmedia":[{"embeddable":true,"href":"https:\/\/aquasaf.com\/index.php\/wp-json\/wp\/v2\/media\/1316"}],"wp:attachment":[{"href":"https:\/\/aquasaf.com\/index.php\/wp-json\/wp\/v2\/media?parent=1339"}],"wp:term":[{"taxonomy":"product_brand","embeddable":true,"href":"https:\/\/aquasaf.com\/index.php\/wp-json\/wp\/v2\/product_brand?post=1339"},{"taxonomy":"product_cat","embeddable":true,"href":"https:\/\/aquasaf.com\/index.php\/wp-json\/wp\/v2\/product_cat?post=1339"},{"taxonomy":"product_tag","embeddable":true,"href":"https:\/\/aquasaf.com\/index.php\/wp-json\/wp\/v2\/product_tag?post=1339"}],"curies":[{"name":"wp","href":"https:\/\/api.w.org\/{rel}","templated":true}]}}