{"id":1179,"date":"2025-01-07T20:52:09","date_gmt":"2025-01-07T20:52:09","guid":{"rendered":"https:\/\/aquasaf.com\/?post_type=product&#038;p=1179"},"modified":"2025-01-07T20:52:09","modified_gmt":"2025-01-07T20:52:09","slug":"carbon-coke","status":"publish","type":"product","link":"https:\/\/aquasaf.com\/index.php\/producto\/carbon-coke\/","title":{"rendered":"Carbon Coke"},"content":{"rendered":"<p>Tama\u00f1o Efectivo: 3&#8243;-7&#8243;<\/p>\n","protected":false},"excerpt":{"rendered":"<div id=\"comp-lxb03si58\" class=\"HcOXKn c9GqVL QxJLC3 lq2cno YQcXTT comp-lxb03si58 wixui-rich-text\" data-testid=\"richTextElement\">\n<h3 class=\"font_3 wixui-rich-text__text\">Caracter\u00edsticas y Beneficios del Carb\u00f3n Coque<\/h3>\n<\/div>\n<div id=\"comp-lzvvpbjb\" class=\"HcOXKn c9GqVL QxJLC3 lq2cno YQcXTT comp-lzvvpbjb wixui-rich-text\" data-testid=\"richTextElement\">\n<ul class=\"font_8 wixui-rich-text__text\">\n<li class=\"wixui-rich-text__text\">\n<p class=\"font_8 wixui-rich-text__text\"><span class=\"wixui-rich-text__text\">Mayor Porosidad:\u00a0Gracias al proceso de lavado, nuestro carb\u00f3n coque presenta un tama\u00f1o de poro \u00f3ptimo, ideal para medios filtrantes.<\/span><\/p>\n<\/li>\n<li class=\"wixui-rich-text__text\">\n<p class=\"font_8 wixui-rich-text__text\"><span class=\"wixui-rich-text__text\">Seguro y Eficiente:\u00a0Libre de altos contenidos de azufre, evitando la liberaci\u00f3n de sustancias t\u00f3xicas en las torres de aireaci\u00f3n.<\/span><\/p>\n<\/li>\n<\/ul>\n<\/div>\n<div id=\"comp-lxb03si64\" class=\"HcOXKn c9GqVL QxJLC3 lq2cno YQcXTT comp-lxb03si64 wixui-rich-text\" data-testid=\"richTextElement\">\n<ul class=\"font_8 wixui-rich-text__text\">\n<li class=\"wixui-rich-text__text\">\n<p class=\"font_8 wixui-rich-text__text\"><span class=\"wixui-rich-text__text\">Calidad Garantizada:\u00a0Producido bajo estrictos controles de calidad, asegurando un producto confiable y efectivo para el tratamiento de agua potable.<\/span><\/p>\n<\/li>\n<\/ul>\n<\/div>\n","protected":false},"featured_media":1180,"comment_status":"open","ping_status":"closed","template":"","meta":{"om_disable_all_campaigns":false,"_monsterinsights_skip_tracking":false,"_monsterinsights_sitenote_active":false,"_monsterinsights_sitenote_note":"","_monsterinsights_sitenote_category":0,"site-sidebar-layout":"default","site-content-layout":"default","ast-main-header-display":"","ast-hfb-above-header-display":"","ast-hfb-below-header-display":"","ast-hfb-mobile-header-display":"","site-post-title":"","ast-breadcrumbs-content":"","ast-featured-img":"","footer-sml-layout":"","theme-transparent-header-meta":"default","adv-header-id-meta":"","stick-header-meta":"","header-above-stick-meta":"","header-main-stick-meta":"","header-below-stick-meta":""},"product_brand":[],"product_cat":[24],"product_tag":[],"class_list":{"0":"post-1179","1":"product","2":"type-product","3":"status-publish","4":"has-post-thumbnail","6":"product_cat-lechos-filtrantes","8":"first","9":"instock","10":"shipping-taxable","11":"product-type-simple"},"aioseo_notices":[],"jetpack_sharing_enabled":true,"_links":{"self":[{"href":"https:\/\/aquasaf.com\/index.php\/wp-json\/wp\/v2\/product\/1179","targetHints":{"allow":["GET"]}}],"collection":[{"href":"https:\/\/aquasaf.com\/index.php\/wp-json\/wp\/v2\/product"}],"about":[{"href":"https:\/\/aquasaf.com\/index.php\/wp-json\/wp\/v2\/types\/product"}],"replies":[{"embeddable":true,"href":"https:\/\/aquasaf.com\/index.php\/wp-json\/wp\/v2\/comments?post=1179"}],"wp:featuredmedia":[{"embeddable":true,"href":"https:\/\/aquasaf.com\/index.php\/wp-json\/wp\/v2\/media\/1180"}],"wp:attachment":[{"href":"https:\/\/aquasaf.com\/index.php\/wp-json\/wp\/v2\/media?parent=1179"}],"wp:term":[{"taxonomy":"product_brand","embeddable":true,"href":"https:\/\/aquasaf.com\/index.php\/wp-json\/wp\/v2\/product_brand?post=1179"},{"taxonomy":"product_cat","embeddable":true,"href":"https:\/\/aquasaf.com\/index.php\/wp-json\/wp\/v2\/product_cat?post=1179"},{"taxonomy":"product_tag","embeddable":true,"href":"https:\/\/aquasaf.com\/index.php\/wp-json\/wp\/v2\/product_tag?post=1179"}],"curies":[{"name":"wp","href":"https:\/\/api.w.org\/{rel}","templated":true}]}}