{"id":1158,"date":"2025-01-07T20:01:11","date_gmt":"2025-01-07T20:01:11","guid":{"rendered":"https:\/\/aquasaf.com\/?post_type=product&#038;p=1158"},"modified":"2025-10-20T15:14:33","modified_gmt":"2025-10-20T15:14:33","slug":"antracita","status":"publish","type":"product","link":"https:\/\/aquasaf.com\/index.php\/producto\/antracita\/","title":{"rendered":"ANTRACITA"},"content":{"rendered":"<div id=\"comp-lxbuomn012\" class=\"HcOXKn c9GqVL QxJLC3 lq2cno YQcXTT comp-lxbuomn012 wixui-rich-text\" data-testid=\"richTextElement\">\n<h3 class=\"font_3 wixui-rich-text__text\">Caracter\u00edsticas y Beneficios de la Antracita<\/h3>\n<\/div>\n<div id=\"comp-lxbuomn11\" class=\"HcOXKn c9GqVL QxJLC3 lq2cno YQcXTT comp-lxbuomn11 wixui-rich-text\" data-testid=\"richTextElement\">\n<ul class=\"font_8 wix-list-text-align wixui-rich-text__text\">\n<li class=\"wixui-rich-text__text\">\n<p class=\"font_8 wixui-rich-text__text\"><span class=\"wixui-rich-text__text\">Alta Pureza:\u00a0Nuestra antracita est\u00e1 libre de arcillas, tierras extra\u00f1as, pizarra y materias org\u00e1nicas, garantizando una filtraci\u00f3n eficiente y segura.<\/span><\/p>\n<\/li>\n<li class=\"wixui-rich-text__text\">\n<p class=\"font_8 wixui-rich-text__text\"><span class=\"wixui-rich-text__text\">Variedad de Tama\u00f1os:\u00a0Disponible en varios tama\u00f1os para adaptarse a diferentes necesidades de filtraci\u00f3n.<\/span><\/p>\n<\/li>\n<li class=\"wixui-rich-text__text\">\n<p class=\"font_8 wixui-rich-text__text\"><span class=\"wixui-rich-text__text\">Cumplimiento de Normas Internacionales:\u00a0Procesada de acuerdo a estrictas normas internacionales para asegurar su calidad y desempe\u00f1o.<\/span><\/p>\n<\/li>\n<\/ul>\n<p>Tama\u00f1o efectivo: 1.2mm.<\/p>\n<\/div>\n","protected":false},"excerpt":{"rendered":"<div id=\"comp-lxbuommr6\" class=\"HcOXKn c9GqVL QxJLC3 lq2cno YQcXTT comp-lxbuommr6 wixui-rich-text\" data-testid=\"richTextElement\">\n<p class=\"font_8 wixui-rich-text__text\"><span class=\"wixui-rich-text__text\">Antracita para Filtros de Alta Calidad.\u00a0<\/span><\/p>\n<p class=\"font_8 wixui-rich-text__text\"><span class=\"wixui-rich-text__text\">Nuestra antracita para filtros est\u00e1 compuesta por part\u00edculas de carb\u00f3n antracita dura en varios tama\u00f1os, visiblemente libre de arcillas, tierras extra\u00f1as, pizarra o materias org\u00e1nicas. Es utilizada principalmente para el tratamiento de agua potable y cumple con normas internacionales para asegurar su efectividad y seguridad.<\/span><\/p>\n<\/div>\n<div id=\"comp-lxbuommr13\" class=\"HcOXKn c9GqVL QxJLC3 lq2cno YQcXTT comp-lxbuommr13 wixui-rich-text\" data-testid=\"richTextElement\">\n<p class=\"font_8 wixui-rich-text__text\"><span class=\"wixui-rich-text__text\">\u00bfPara Qu\u00e9 Sirve la Antracita?<\/span><\/p>\n<p class=\"font_8 wixui-rich-text__text\"><span class=\"wixui-rich-text__text\">La antracita es ampliamente utilizada en sistemas de filtraci\u00f3n para tratamiento de agua potable debido a sus propiedades qu\u00edmicas y f\u00edsicas que permiten una alta eficiencia en la eliminaci\u00f3n de impurezas. Tambi\u00e9n se utiliza en diversas aplicaciones industriales por su capacidad de mejorar la calidad del agua.<\/span><\/p>\n<\/div>\n","protected":false},"featured_media":1159,"comment_status":"open","ping_status":"closed","template":"","meta":{"om_disable_all_campaigns":false,"_monsterinsights_skip_tracking":false,"_monsterinsights_sitenote_active":false,"_monsterinsights_sitenote_note":"","_monsterinsights_sitenote_category":0,"site-sidebar-layout":"default","site-content-layout":"default","ast-main-header-display":"","ast-hfb-above-header-display":"","ast-hfb-below-header-display":"","ast-hfb-mobile-header-display":"","site-post-title":"","ast-breadcrumbs-content":"","ast-featured-img":"","footer-sml-layout":"","theme-transparent-header-meta":"default","adv-header-id-meta":"","stick-header-meta":"","header-above-stick-meta":"","header-main-stick-meta":"","header-below-stick-meta":""},"product_brand":[],"product_cat":[24],"product_tag":[],"class_list":{"0":"post-1158","1":"product","2":"type-product","3":"status-publish","4":"has-post-thumbnail","6":"product_cat-lechos-filtrantes","8":"first","9":"instock","10":"shipping-taxable","11":"purchasable","12":"product-type-simple"},"aioseo_notices":[],"jetpack_sharing_enabled":true,"_links":{"self":[{"href":"https:\/\/aquasaf.com\/index.php\/wp-json\/wp\/v2\/product\/1158","targetHints":{"allow":["GET"]}}],"collection":[{"href":"https:\/\/aquasaf.com\/index.php\/wp-json\/wp\/v2\/product"}],"about":[{"href":"https:\/\/aquasaf.com\/index.php\/wp-json\/wp\/v2\/types\/product"}],"replies":[{"embeddable":true,"href":"https:\/\/aquasaf.com\/index.php\/wp-json\/wp\/v2\/comments?post=1158"}],"wp:featuredmedia":[{"embeddable":true,"href":"https:\/\/aquasaf.com\/index.php\/wp-json\/wp\/v2\/media\/1159"}],"wp:attachment":[{"href":"https:\/\/aquasaf.com\/index.php\/wp-json\/wp\/v2\/media?parent=1158"}],"wp:term":[{"taxonomy":"product_brand","embeddable":true,"href":"https:\/\/aquasaf.com\/index.php\/wp-json\/wp\/v2\/product_brand?post=1158"},{"taxonomy":"product_cat","embeddable":true,"href":"https:\/\/aquasaf.com\/index.php\/wp-json\/wp\/v2\/product_cat?post=1158"},{"taxonomy":"product_tag","embeddable":true,"href":"https:\/\/aquasaf.com\/index.php\/wp-json\/wp\/v2\/product_tag?post=1158"}],"curies":[{"name":"wp","href":"https:\/\/api.w.org\/{rel}","templated":true}]}}