{"id":1056,"date":"2024-12-18T21:31:46","date_gmt":"2024-12-18T21:31:46","guid":{"rendered":"https:\/\/aquasaf.com\/?post_type=product&#038;p=1056"},"modified":"2025-10-20T15:14:33","modified_gmt":"2025-10-20T15:14:33","slug":"cristalin-platinum-x-1-kg","status":"publish","type":"product","link":"https:\/\/aquasaf.com\/index.php\/producto\/cristalin-platinum-x-1-kg\/","title":{"rendered":"Cristalin Platinum x 1 Kg"},"content":{"rendered":"<div id=\"vbid-d7544bdf-qqcb9mt2\" class=\"master item-box  gallery-box style-d7544bdf-6rkb49z5    button-effects btn_hover3 visible-section\" data-holder-type=\"gallery\" data-child-type=\"STYLE\" data-styleid=\"style-d7544bdf-6rkb49z5\" data-preview-styleid=\"style-d7544bdf-6rkb49z5\" data-preset-type-id=\"TEXT_BLOCK\">\n<div class=\"gallery-wrapper item-wrapper text_block-wrapper \">\n<div class=\"sub container style-d7544bdf-6rkb49z5 content flex   \" data-itemtype=\"folder\" data-creator=\"\" data-itemname=\"LOADING Copy\" data-itemslug=\"loading-copy\" data-itemstyleid=\"style-d7544bdf-6rkb49z5\" data-margintop=\"\" data-arranger=\"flex\" data-layout=\"multi\" data-vbid=\"vbid-d7544bdf-qqcb9mt2\" data-preset-type-id=\"TEXT_BLOCK\" data-preview-style=\"style-d7544bdf-6rkb49z5\" data-style=\"style-4e411-j0xhjgzynh\" data-absolute-path=\"\" data-slide-effect=\"SLIDE\" data-interval-id=\"7\">\n<div id=\"children\">\n<div id=\"items-holder-wrapper\">\n<div id=\"items-holder\">\n<div id=\"vbid-d7544bdf-3icuax6a\" class=\"sub item-box  page-box style-d7544bdf-6rkb49z5           slide-1 play-effect\" data-holder-type=\"page\" data-child-type=\"SLIDE\" data-styleid=\"style-d7544bdf-6rkb49z5\" data-preview-styleid=\"style-d7544bdf-6rkb49z5\" data-preset-type-id=\"UNRESOLVED\" data-page-num=\"1\" data-visible=\"visible\">\n<div class=\"page-wrapper item-wrapper \">\n<div class=\"item-content leaf multi_layout page content -container\" data-self=\"vbid-d7544bdf-3icuax6a\" data-preview-style=\"style-d7544bdf-6rkb49z5\" data-style=\"style-4e411-yq39oaomol\" data-orig-thumb-height=\"\" data-orig-thumb-width=\"\" data-vbid=\"vbid-d7544bdf-3icuax6a\" data-bgimg=\"\">\n<div class=\"multi-container preview image-cover\">\n<div class=\"Picture item-preview\">\n<div class=\"preview-image-holder\">\n<div class=\"helper-div middle-center\">\n<div class=\"text-side shrinker-parent\">\n<div class=\"vertical-aligner\">\n<div class=\"item-details preview-content-wrapper  multi\">\n<div class=\"draggable-div-holder\"><span style=\"font-size: 1.7em; font-weight: bold;\">Instrucciones de uso y aplicaciones:<\/span><\/div>\n<div class=\"preview-content-holder shrinker-content\">\n<div class=\"preview-divider-holder removable-parent order-handle\">\n<div id=\"element-07d41804ea98505\" class=\"preview-element preview-divider magic-circle-holder quick-text-style-menu\" data-menu-name=\"PREVIEW_DIVIDER\"><strong style=\"font-size: 16px;\">Nota:<\/strong><span style=\"font-size: 16px;\">\u00a0Se recomienda verificar par\u00e1metros (cloro, pH, alcalinidad, dureza, estabilizante, etc.) con equipos especializados de medici\u00f3n visual y digital marca Dr.Pool.<\/span><\/div>\n<\/div>\n<\/div>\n<\/div>\n<\/div>\n<\/div>\n<\/div>\n<\/div>\n<\/div>\n<\/div>\n<\/div>\n<\/div>\n<\/div>\n<\/div>\n<\/div>\n<\/div>\n<\/div>\n<\/div>\n<\/div>\n<div id=\"vbid-e056b980-vapqciga\" class=\"master item-box  gallery-box style-e056b980-hitv7zij visible-section\" data-holder-type=\"gallery\" data-child-type=\"NATIVE_ORDER\" data-styleid=\"style-e056b980-hitv7zij\" data-preview-styleid=\"style-e056b980-hitv7zij\" data-preset-type-id=\"FEATURES\">\n<div id=\"no-image\" class=\"stripe-background load-high-res \"><span style=\"font-size: 1.7em; font-weight: bold;\">Para uso correctivo<\/span><\/div>\n<div class=\"gallery-wrapper item-wrapper features-wrapper \">\n<div class=\"sub container style-e056b980-hitv7zij content matrix   \" data-itemtype=\"folder\" data-creator=\"\" data-itemname=\"LOADING\" data-itemslug=\"loading\" data-itemstyleid=\"style-e056b980-hitv7zij\" data-margintop=\"\" data-arranger=\"matrix\" data-layout=\"multi\" data-vbid=\"vbid-e056b980-vapqciga\" data-preset-type-id=\"FEATURES\" data-preview-style=\"style-e056b980-hitv7zij\" data-style=\"style-f2783-7himpqznhz\" data-absolute-path=\"\">\n<div id=\"children\">\n<div class=\"stripe-header-wrapper\">\n<div id=\"vbid-e056b980-uwcyhiiv\" class=\"stripe-header sub item-box page-box style-e056b980-hitv7zij       \" data-holder-type=\"page\" data-child-type=\"STYLE\" data-styleid=\"style-e056b980-hitv7zij\" data-preview-styleid=\"style-e056b980-hitv7zij\" data-preset-type-id=\"UNRESOLVED\">\n<div class=\"page-wrapper item-wrapper \">\n<div class=\"item-content leaf blocks_layout page content\" data-self=\"vbid-e056b980-uwcyhiiv\" data-preview-style=\"style-e056b980-hitv7zij\" data-style=\"style-f2783-7himpqznhz\" data-orig-thumb-height=\"\" data-orig-thumb-width=\"\" data-vbid=\"vbid-e056b980-uwcyhiiv\" data-bgimg=\"\">\n<div class=\"helper-div middle\">\n<div class=\"text-side \">\n<div class=\"vertical-aligner\">\n<div class=\"item-details blocks-preview-content-wrapper  blocks shrinker-parent\">\n<div class=\"blocks-preview-content-holder shrinker-content\">\n<div class=\"blocks-preview-body-holder removable-parent order-handle\">\n<div id=\"element-0c84c292a34f723\" class=\"preview-element blocks-preview-body magic-circle-holder text-element quick-text-style-menu   allow-mobile-hide\" data-menu-name=\"BLOCKS_PREVIEW_BODY\">\n<p>Seguir las siguientes instrucciones si su piscina o spa presenta algas y\/u hongos visibles, o para el arranque de su piscina.<\/p>\n<p><span style=\"font-size: 1.7em; font-weight: bold;\">1.<\/span><span style=\"font-size: 16px;\">Realice el proceso de supercloraci\u00f3n con LINEA CLORIDEX Aquachlor 70% si el nivel de \u00e1cido cian\u00farico se encuentra alto, o con LINEA CLORIDEX Super choque si la dureza c\u00e1lcica se encuentra alta (seguir instrucciones en etiquetas).<\/span><\/p>\n<\/div>\n<\/div>\n<\/div>\n<\/div>\n<\/div>\n<\/div>\n<\/div>\n<\/div>\n<\/div>\n<\/div>\n<\/div>\n<div id=\"items-holder-wrapper\">\n<div id=\"items-holder\">\n<div id=\"vbid-e056b980-a4xq0ukq\" class=\"sub item-box  page-box style-e056b980-hitv7zij left-side top-side\" data-holder-type=\"page\" data-child-type=\"STYLE\" data-styleid=\"style-e056b980-hitv7zij\" data-preview-styleid=\"style-e056b980-hitv7zij\" data-preset-type-id=\"UNRESOLVED\" data-row=\"1\">\n<div class=\"page-wrapper item-wrapper \">\n<div class=\"item-content leaf multi_layout page content -container\" data-self=\"vbid-e056b980-a4xq0ukq\" data-preview-style=\"style-e056b980-hitv7zij\" data-style=\"style-f2783-oogpxtqvka\" data-orig-thumb-height=\"\" data-orig-thumb-width=\"\" data-vbid=\"vbid-e056b980-a4xq0ukq\" data-bgimg=\"\">\n<div class=\"multi-container preview image-cover\">\n<div class=\"Picture item-preview\">\n<div class=\"preview-image-holder\">\n<div class=\"helper-div middle-center\">\n<div class=\"text-side shrinker-parent\">\n<div class=\"vertical-aligner\">\n<div class=\"item-details preview-content-wrapper  multi\">\n<div class=\"preview-content-holder shrinker-content\">\n<div class=\"preview-form order-handle\"><span style=\"font-size: 1.7em; font-weight: bold;\">2.<\/span><span style=\"font-size: 16px;\">Cepille paredes y pisos con un cepillo adecuado para el material de la superficie.<\/span><\/div>\n<\/div>\n<\/div>\n<\/div>\n<\/div>\n<\/div>\n<\/div>\n<\/div>\n<\/div>\n<\/div>\n<\/div>\n<\/div>\n<div id=\"vbid-e056b980-6fcl9fgg\" class=\"sub item-box  page-box style-e056b980-hitv7zij top-side\" data-holder-type=\"page\" data-child-type=\"STYLE\" data-styleid=\"style-e056b980-hitv7zij\" data-preview-styleid=\"style-e056b980-hitv7zij\" data-preset-type-id=\"UNRESOLVED\" data-row=\"1\">\n<div class=\"page-wrapper item-wrapper \">\n<div class=\"item-content leaf multi_layout page content -container\" data-self=\"vbid-e056b980-6fcl9fgg\" data-preview-style=\"style-e056b980-hitv7zij\" data-style=\"style-f2783-oogpxtqvka\" data-orig-thumb-height=\"\" data-orig-thumb-width=\"\" data-vbid=\"vbid-e056b980-6fcl9fgg\" data-bgimg=\"\">\n<div class=\"multi-container preview image-cover\">\n<div class=\"Picture item-preview\">\n<div class=\"preview-image-holder\">\n<div class=\"helper-div middle-center\">\n<div class=\"text-side shrinker-parent\">\n<div class=\"vertical-aligner\">\n<div class=\"item-details preview-content-wrapper  multi\">\n<div class=\"preview-content-holder shrinker-content\">\n<div class=\"preview-form order-handle\"><span style=\"font-size: 1.7em; font-weight: bold;\">3.<\/span><span style=\"font-size: 16px;\">Aspire los residuos del cepillado y retrolave el filtro.<\/span><\/div>\n<\/div>\n<\/div>\n<\/div>\n<\/div>\n<\/div>\n<\/div>\n<\/div>\n<\/div>\n<\/div>\n<\/div>\n<\/div>\n<div id=\"vbid-e056b980-mqnnbdlo\" class=\"sub item-box  page-box style-e056b980-hitv7zij right-side top-side\" data-holder-type=\"page\" data-child-type=\"STYLE\" data-styleid=\"style-e056b980-hitv7zij\" data-preview-styleid=\"style-e056b980-hitv7zij\" data-preset-type-id=\"UNRESOLVED\" data-row=\"1\">\n<div class=\"page-wrapper item-wrapper \">\n<div class=\"item-content leaf multi_layout page content -container\" data-self=\"vbid-e056b980-mqnnbdlo\" data-preview-style=\"style-e056b980-hitv7zij\" data-style=\"style-f2783-oogpxtqvka\" data-orig-thumb-height=\"\" data-orig-thumb-width=\"\" data-vbid=\"vbid-e056b980-mqnnbdlo\" data-bgimg=\"\">\n<div class=\"multi-container preview image-cover\">\n<div class=\"Picture item-preview\">\n<div class=\"preview-image-holder\">\n<div class=\"helper-div middle-center\">\n<div class=\"text-side shrinker-parent\">\n<div class=\"vertical-aligner\">\n<div class=\"item-details preview-content-wrapper  multi\">\n<div class=\"preview-content-holder shrinker-content\">\n<div class=\"preview-form order-handle\"><span style=\"font-size: 1.7em; font-weight: bold;\">4.<\/span><span style=\"font-size: 16px;\">Verifique el valor del pH y ajuste al rango ideal (7,2 a 7,6) de ser necesario. Use L\u00cdNEA CLORIDEX Reductor pH &#8211; si esta por arriba de 7,6 o L\u00cdNEA CLORIDEX CORRECTOR pH + si se encuentra por debajo de 7,2 de acuerdo con instrucciones de etiqueta.<\/span><\/div>\n<\/div>\n<\/div>\n<\/div>\n<\/div>\n<\/div>\n<\/div>\n<\/div>\n<\/div>\n<\/div>\n<\/div>\n<\/div>\n<div id=\"vbid-e056b980-fozj2gwx\" class=\"sub item-box  page-box style-e056b980-hitv7zij left-side bottom-side\" data-holder-type=\"page\" data-child-type=\"STYLE\" data-styleid=\"style-e056b980-hitv7zij\" data-preview-styleid=\"style-e056b980-hitv7zij\" data-preset-type-id=\"UNRESOLVED\" data-row=\"2\">\n<div class=\"page-wrapper item-wrapper \">\n<div class=\"item-content leaf multi_layout page content -container\" data-self=\"vbid-e056b980-fozj2gwx\" data-preview-style=\"style-e056b980-hitv7zij\" data-style=\"style-f2783-oogpxtqvka\" data-orig-thumb-height=\"\" data-orig-thumb-width=\"\" data-vbid=\"vbid-e056b980-fozj2gwx\" data-bgimg=\"\">\n<div class=\"multi-container preview image-cover\">\n<div class=\"Picture item-preview\">\n<div class=\"preview-image-holder\">\n<div class=\"helper-div middle-center\">\n<div class=\"text-side shrinker-parent\">\n<div class=\"vertical-aligner\">\n<div class=\"item-details preview-content-wrapper  multi\">\n<div class=\"preview-content-holder shrinker-content\">\n<div class=\"preview-form order-handle\"><span style=\"font-size: 1.7em; font-weight: bold;\">5.<\/span><span style=\"font-size: 16px;\">Verifique que el nivel del cloro libre se encuentre entre 1 y 3 ppm. Aplique L\u00cdNEA CLORIDEX Algicida Platinum a una dosis de 24 ml por m\u00b3.<\/span><\/div>\n<\/div>\n<\/div>\n<\/div>\n<\/div>\n<\/div>\n<\/div>\n<\/div>\n<\/div>\n<\/div>\n<\/div>\n<\/div>\n<div id=\"vbid-e056b980-rxllfeoa\" class=\"sub item-box  page-box style-e056b980-hitv7zij bottom-side\" data-holder-type=\"page\" data-child-type=\"STYLE\" data-styleid=\"style-e056b980-hitv7zij\" data-preview-styleid=\"style-e056b980-hitv7zij\" data-preset-type-id=\"UNRESOLVED\" data-row=\"2\">\n<div class=\"page-wrapper item-wrapper \">\n<div class=\"item-content leaf multi_layout page content -container\" data-self=\"vbid-e056b980-rxllfeoa\" data-preview-style=\"style-e056b980-hitv7zij\" data-style=\"style-f2783-oogpxtqvka\" data-orig-thumb-height=\"\" data-orig-thumb-width=\"\" data-vbid=\"vbid-e056b980-rxllfeoa\" data-bgimg=\"\">\n<div class=\"multi-container preview image-cover\">\n<div class=\"Picture item-preview\">\n<div class=\"preview-image-holder\">\n<div class=\"helper-div middle-center\">\n<div class=\"text-side shrinker-parent\">\n<div class=\"vertical-aligner\">\n<div class=\"item-details preview-content-wrapper  multi\">\n<div class=\"preview-content-holder shrinker-content\">\n<div class=\"preview-form order-handle\"><span style=\"font-size: 1.7em; font-weight: bold;\">6.<\/span><span style=\"font-size: 16px;\">Encienda la bomba con el filtro en posici\u00f3n de recirculaci\u00f3n durante m\u00ednimo 1 hora para homogenizar.<\/span><\/div>\n<\/div>\n<\/div>\n<\/div>\n<\/div>\n<\/div>\n<\/div>\n<\/div>\n<\/div>\n<\/div>\n<\/div>\n<\/div>\n<\/div>\n<\/div>\n<\/div>\n<\/div>\n<\/div>\n<\/div>\n","protected":false},"excerpt":{"rendered":"<p>Alguicida formulado para eliminar y prevenir la proliferaci\u00f3n desde el alga m\u00e1s com\u00fan (verde) hasta las m\u00e1s resistentes (amarillas, pardas y negras), adem\u00e1s de proporcionar claridad superior al agua.<\/p>\n<p><strong>Caracter\u00edsticas<\/strong><\/p>\n<ul>\n<li>R\u00e1pida disoluci\u00f3n<\/li>\n<li>Elimina todo tipo de algas<\/li>\n<li>Aplicaci\u00f3n semanal<\/li>\n<\/ul>\n","protected":false},"featured_media":1057,"comment_status":"open","ping_status":"closed","template":"","meta":{"om_disable_all_campaigns":false,"_monsterinsights_skip_tracking":false,"_monsterinsights_sitenote_active":false,"_monsterinsights_sitenote_note":"","_monsterinsights_sitenote_category":0,"site-sidebar-layout":"default","site-content-layout":"default","ast-main-header-display":"","ast-hfb-above-header-display":"","ast-hfb-below-header-display":"","ast-hfb-mobile-header-display":"","site-post-title":"","ast-breadcrumbs-content":"","ast-featured-img":"","footer-sml-layout":"","theme-transparent-header-meta":"default","adv-header-id-meta":"","stick-header-meta":"","header-above-stick-meta":"","header-main-stick-meta":"","header-below-stick-meta":""},"product_brand":[],"product_cat":[33],"product_tag":[],"class_list":{"0":"post-1056","1":"product","2":"type-product","3":"status-publish","4":"has-post-thumbnail","6":"product_cat-quimicos","8":"first","9":"instock","10":"shipping-taxable","11":"purchasable","12":"product-type-simple"},"aioseo_notices":[],"jetpack_sharing_enabled":true,"_links":{"self":[{"href":"https:\/\/aquasaf.com\/index.php\/wp-json\/wp\/v2\/product\/1056","targetHints":{"allow":["GET"]}}],"collection":[{"href":"https:\/\/aquasaf.com\/index.php\/wp-json\/wp\/v2\/product"}],"about":[{"href":"https:\/\/aquasaf.com\/index.php\/wp-json\/wp\/v2\/types\/product"}],"replies":[{"embeddable":true,"href":"https:\/\/aquasaf.com\/index.php\/wp-json\/wp\/v2\/comments?post=1056"}],"wp:featuredmedia":[{"embeddable":true,"href":"https:\/\/aquasaf.com\/index.php\/wp-json\/wp\/v2\/media\/1057"}],"wp:attachment":[{"href":"https:\/\/aquasaf.com\/index.php\/wp-json\/wp\/v2\/media?parent=1056"}],"wp:term":[{"taxonomy":"product_brand","embeddable":true,"href":"https:\/\/aquasaf.com\/index.php\/wp-json\/wp\/v2\/product_brand?post=1056"},{"taxonomy":"product_cat","embeddable":true,"href":"https:\/\/aquasaf.com\/index.php\/wp-json\/wp\/v2\/product_cat?post=1056"},{"taxonomy":"product_tag","embeddable":true,"href":"https:\/\/aquasaf.com\/index.php\/wp-json\/wp\/v2\/product_tag?post=1056"}],"curies":[{"name":"wp","href":"https:\/\/api.w.org\/{rel}","templated":true}]}}